it of (-1 - 4/f)*-14?
7
Suppose -4*h - 4*m - 2252 = -10584, -4*h = -m - 8337. What is the units digit of h?
4
Let s be ((-32)/(-4))/(6/(-39)). Let m be ((-5)/(-4))/((-13)/s). Let j(w) = 7*w - 8. What is the units digit of j(m)?
7
Let b(h) = 144*h - 15. What is the thousands digit of b(8)?
1
Suppose -2*k = -3*y - 0*y - 577, 0 = -k + 3*y + 296. Suppose b = -z + 80, 0 = -4*z - b + k + 54. What is the units digit of z?
5
What is the units digit of -4 - -1 - (-665 + 71)?
1
Suppose 9*s - 158 - 1894 = 0. Let n = s + -123. What is the hundreds digit of n?
1
Let s be (-2 - -34 - 3) + -3. Let h be -5*(12/(-15) + 2). Let d = s - h. What is the units digit of d?
2
Let b = 67 + -64. Suppose 3*d - 468 = 3*z, 14 = b*z + 8. What is the tens digit of d?
5
Let w = 95 - 47. Suppose 0 = 5*q + 10, -b - w = -3*b - 4*q. What is the units digit of b?
8
Let k(g) = g + 1. Let d be k(-4). Let w be 2 - d/((-6)/4). Suppose 0 = a - c - 40, -5*c + 15 = -w*c. What is the units digit of a?
3
Let f(g) = 7*g**2 - g - 1. Let p(o) be the third derivative of o**5/60 - o**4/24 - 7*o**2. Let b(j) = f(j) - 2*p(j). What is the units digit of b(-2)?
7
Let m = 1807 - 810. What is the hundreds digit of m?
9
Suppose 2*p = -3*a + 6, 0 = 5*a + 4*p - 0*p - 12. Suppose -5*u + 2*l + 113 = a, -2*u - 3*l + 46 = -4*l. What is the tens digit of u?
2
Let w(o) = 4*o + 19. Let d be w(-4). Suppose l - 6*b - 64 = -2*b, l - d*b - 65 = 0. What is the tens digit of l?
6
Let a(p) = -2*p + 1. Let v be a(-1). Let g = v - -1. Suppose -12 = -g*r + 56. What is the units digit of r?
7
Let p(a) = -2*a**2 + 3 + 2*a + 12*a - 2*a. Let y be p(6). Suppose -12 + 3 = -y*l, -20 = -i - 4*l. What is the units digit of i?
8
Suppose 4*c = -4*p + 1712, -3*p + 4*c + 1270 = -0*c. What is the tens digit of p?
2
Suppose -17*y + 12*y = 290. Let r = 83 + y. What is the units digit of r?
5
What is the units digit of ((43260/(-6))/7)/(-1)?
0
Let h(d) = 3*d**3 - 7*d**2 - 6*d - 2. Let r be 6/(-8) + 69/12. What is the units digit of h(r)?
8
Suppose q = 2*g - 7, -5*q - 2*g = -6*g + 5. Suppose 0 = q*o - 323 + 80. What is the tens digit of o?
8
Suppose d = 4*d. Suppose 4*o = 0, 5*o = n - d*n - 55. What is the tens digit of n?
5
Let d(t) = t. Let v(j) = j**2 + 11*j - 4. Let y(q) = 6*d(q) - v(q). Let s be y(-7). Let f = s + 35. What is the units digit of f?
5
Let k(r) = 2*r**2 - 17*r - 114. Let o be k(-6). Let m be (-2)/7 + (-264)/7. Let f = m + o. What is the units digit of f?
2
Let u = 166 - 136. Let z be 172/12 - (-2)/3. Let j = u - z. What is the tens digit of j?
1
What is the units digit of (3 + 0)/((-30)/(-17420))?
2
Suppose 0 = -3*y + 6*a - 2*a + 1393, 2*y - 3*a - 928 = 0. What is the units digit of y?
7
Suppose 4 - 6 = -2*a. What is the tens digit of (-4 + -1)*a*-2?
1
Let t be (-24)/(-6) - (-239)/(-1). Let x = 384 + t. What is the tens digit of x?
4
Let s(k) = -3*k**2 + 11*k - 14. Let d be s(6). Let x = 78 + d. What is the tens digit of x?
2
Let u(i) = 2*i**2 - i**3 - 6*i**3 + 0*i**2 - 4*i**2 - i + 1. Let n = -4 - -2. What is the units digit of u(n)?
1
Let i(g) be the third derivative of g**7/5040 + g**6/360 + g**5/10 - g**2. Let w(a) be the third derivative of i(a). What is the units digit of w(7)?
9
Let l be 10/(-30) + 7/3. Suppose 0 = -l*g - 2*y + 126, -2*g - 3*y + 126 = 2*y. What is the tens digit of g?
6
Suppose 7*z + 0*z - 2513 = 0. What is the tens digit of z?
5
Let z = 193 - -90. What is the tens digit of z?
8
Suppose -9 = 2*g - 3. What is the units digit of (3 + (g - -15))*3?
5
Let n be (-2 + 33)*(-2 - -4). Suppose 0 = 4*q - n - 538. Suppose 5*w = -k + q, 0 - 11 = -w - 4*k. What is the tens digit of w?
3
Let k = -93 + 57. Let p(z) = -5*z + 6. Let r be p(6). Let q = r - k. What is the units digit of q?
2
Suppose -11*n + 8170 = 8*n. What is the tens digit of n?
3
Let f be 4 + 160/(-26) - 6/(-39). What is the tens digit of ((-44)/(-3) - f)*18/6?
5
What is the thousands digit of 5912/(-5)*(-80)/32?
2
Let n be 2*-5*2/(-4). What is the units digit of (-1 + n)/(8/12)?
6
Let z(k) = 76*k - 2. Let f be z(7). Suppose -2*p = -7*p + f. What is the hundreds digit of p?
1
Let y(v) = v**3 - 10*v**2 - 7*v - 2. Let u(w) be the first derivative of 3*w**2/2 - 22*w - 2. Let s be u(11). What is the tens digit of y(s)?
4
Suppose -3*h = -6*h + 1338. Suppose 13*k + h = 2617. What is the units digit of k?
7
Let k(i) = -2*i**3 - 2*i**2 + 4*i + 4. Let d be k(-2). Suppose -3*x = -d*f + 111, -3*f + 3*x = -45 - 36. What is the tens digit of f?
3
What is the units digit of 5/(40/(-12))*10870/(-15)?
7
Let l(p) = -p**3 - 16*p**2 + 15*p + 33. What is the tens digit of l(-18)?
1
Let u(a) = 12*a + 9. Let w be u(-2). What is the tens digit of 9*(5 - 55/w)?
7
Suppose -31*l + 46*l = 26535. What is the tens digit of l?
6
Let o be ((-128)/(-10))/(2 + (-36)/20). Let j = o - -65. What is the units digit of j?
9
Let p be (-18)/(-72) + 11/4. Suppose -114 = -p*z + 93. What is the tens digit of z?
6
What is the hundreds digit of (-4)/8 + (-2066)/(-4)?
5
Let a(q) be the first derivative of 5*q**2/2 - 4*q + 1. Suppose 0 = c + 3*f - 13, -6*c + c - 4*f = -54. What is the units digit of a(c)?
6
Let v(p) = -p**2 - 9*p - 10. Let l be v(-7). Let i be 1566/(-99) + l/(-22). What is the tens digit of (i/12)/(3/(-117))?
5
Suppose 4*m - 5*v - 361 = 98, v - 117 = -m. What is the tens digit of m?
1
Suppose j - 2*d = 68 + 16, 4*d - 300 = -4*j. What is the units digit of j?
8
Let l(g) = -g. Suppose -2*h + 4 + 2 = 0. Let t(a) = -14*a + 14. Let r(v) = h*l(v) - t(v). What is the tens digit of r(5)?
4
Let m = 8 + 6. Let j = 55 - m. What is the units digit of j?
1
Let m(r) = -75*r**3 + 2*r**2 - 1. Suppose 0 = 4*l - 4*t - 12, -5*l - 6 = -3*l + t. What is the units digit of m(l)?
6
What is the thousands digit of ((-1076)/(-12))/(3/702*6)?
3
Let j(t) = 9*t**2 + 3*t + 4. Let u be (20/(-15))/(6/(-9)). Let m be ((-9)/3 + -1)/u. What is the units digit of j(m)?
4
Let p be 1*-2*(1 + 2). Let y(h) be the first derivative of -3*h**2/2 + 10*h + 14. What is the units digit of y(p)?
8
Suppose -3*n - 5138 = -5*o, 4*n = -3*o + 2602 + 504. What is the units digit of o?
0
Let q = -39 - -36. What is the hundreds digit of 4/(94/31 + (-6 - q))?
1
Let b(j) = j**2 + 6 + j - 5*j + 0 + 1. Suppose -l + 3*l - 16 = 0. What is the units digit of b(l)?
9
Let l(f) = -124*f - 4. Let s(b) = -25*b - 1. Let p(q) = 3*l(q) - 16*s(q). Let k be p(-5). What is the units digit of (k/5)/(2/(-5))?
8
Let w(y) = -33*y + 94. What is the hundreds digit of w(-10)?
4
Suppose 2*a - 159 - 97 = 0. What is the hundreds digit of a/960 + (-1 - (-1558)/15)?
1
Let q = -15 + 471. What is the hundreds digit of q?
4
Let g(c) = c**3 + 34*c**2 - 32*c + 69. What is the tens digit of g(-34)?
5
Suppose -6*n + 18 = 3*n. Suppose 3*i - n*i = -3*w - 6, 4*w + 15 = i. Let t(v) = 7*v**2 - 3*v - 2. What is the tens digit of t(i)?
5
Suppose -22*b = -31521 + 3603. What is the units digit of b?
9
Suppose 2*k - 3*n = -21, 3*k + 0*k + 2*n = -12. Let o be (-2 + -1 - k)*5. Suppose -2*j = -o - 47. What is the units digit of j?
1
Suppose -i = 3*d + 3063, 3*d - 3033 = 3*i + 6216. What is the units digit of ((-4)/6)/(36/i)?
7
Suppose y = -138 + 223. What is the tens digit of y?
8
Let g(u) = -2*u - 18. Let l be g(-10). Suppose 0 = l*q - 88 + 34. What is the units digit of q?
7
Suppose w - 2*r = 3*r - 54, 0 = w + 4*r + 90. Let q = w - -131. What is the tens digit of q?
5
Let v = -40 - 4. Let h = 28 - v. What is the tens digit of h?
7
Let n(o) be the first derivative of 7*o**6/72 + o**5/120 + o**4/24 - 2*o**3/3 - 2. Let h(x) be the third derivative of n(x). What is the tens digit of h(-1)?
3
Suppose p = -3, 0 = 3*q - 4*p + 17 - 1079. What is the units digit of q?
0
Suppose -3*v - 3*m = -738, -3*v - m + 1059 = 313. What is the hundreds digit of v?
2
Let t(y) = -16 + 4*y + 2 + 6 + 3. Suppose 0 = -4*k + 30 + 18. What is the units digit of t(k)?
3
Let v be ((-2)/(-1) + -3)/(-1). Let a(y) = -y**3 + 4*y**2 + 5*y + 3. Let k be a(5). What is the units digit of 22 + (k - (v + 1))?
3
Let i = -789 - -1401. What is the hundreds digit of i?
6
Suppose 1 = 3*y - o, y - 3*o + 3 = -2. Suppose 2*d - y = 13. Let w = d - -12. What is the units digit of w?
9
Let u be (14/28)/(2/(-24)). What is the units digit of (-392)/u + 14/(-42)?
5
Let j(n) = n**2 + 3*n + 5. Let o be j(-2). Suppose 8*l - 4*l